*2 + 2*a - 1. What is the remainder when z(2) is divided by (2 - -3)*(-6)/(-5)?
5
Let h(b) = b**2 - 4. Suppose 3*n = -n + 4. Let w = n - -10. What is the remainder when h(6) is divided by w?
10
Suppose -59*p = -62*p + 195. What is the remainder when p is divided by 25?
15
Calculate the remainder when -1 + 46 - (0 + 2/1) is divided by 16.
11
Suppose -f = -3*f + 124. Let a be (-75)/(-30) + 3/2. Let u = f - a. What is the remainder when u is divided by 20?
18
Suppose 0 = 4*f + f + 3*b - 64, -f = -b - 16. What is the remainder when f is divided by 5?
4
Suppose -m = -2 - 3. Suppose m*h - 50 = 5. Calculate the remainder when 31 is divided by h.
9
Suppose 2*p - 6 = -4*s, 5*s + 4*p + 8 = 2*s. Suppose 33 = 4*g + 13. Suppose 0 = g*n + 15, -2*o - n = -0 - 3. Calculate the remainder when s is divided by o.
1
Let x(d) = -3*d**3 - 1. Let f be x(-1). Suppose -p - j - 25 = 3*p, -11 = f*p - j. What is the remainder when 2 is divided by p/(0 - -3) + 3?
0
Let l(s) = s**3 - 2*s + 54. What is the remainder when l(0) is divided by 14?
12
Let n(h) = -h**2 + 15*h + 8. Let q be n(15). Calculate the remainder when 18 is divided by -5 + q - (-4 - -2).
3
What is the remainder when -7 + 536/12 - (-4)/(-6) is divided by 8?
5
Suppose 233 = 3*z + 7*i - 2*i, 3*i - 243 = -3*z. Suppose -3*m + 79 = -5*x + 9, z = 4*m - 3*x. Calculate the remainder when 84/(-10)*m/(-6) is divided by 10.
8
Let h = -7 + 9. Suppose -s = 2*i - 0 - 18, -h*i + 16 = 2*s. Let k = 29 + -10. Calculate the remainder when k is divided by i.
9
Suppose 3*g - 2*g = s - 35, -4*g - 110 = -3*s. What is the remainder when 117 is divided by s?
27
Let f = 30 - 2. What is the remainder when 139 is divided by f?
27
Let j(b) = 2*b**2 - 7. Suppose -3*c = 2*c - 25. Suppose -4*x = 3*u - 45, -c = -2*x - 10*u + 5*u. What is the remainder when j(5) is divided by x?
13
Let g be (75/6)/(-5)*-2. Let z(m) = m**3 - 6*m**2 + 7*m + 2. Calculate the remainder when 22 is divided by z(g).
10
Let k = -16 + 26. What is the remainder when k is divided by 4?
2
Let b be (3 - (3 - -6)) + 2. Let o(n) = n**2 - 4*n + 1. Let s be o(4). Let a = s - b. What is the remainder when 9 is divided by a?
4
Let l = 0 + 16. What is the remainder when 7 - 7 - (-29)/1 is divided by l?
13
Let w = 20 - 12. What is the remainder when ((-2)/3)/((-14)/273) is divided by w?
5
Let g(k) = k**2 + 3*k + 9. Let v be g(-12). Suppose 4*q - v = -3*x - 11, x - 10 = 5*q. What is the remainder when x is divided by 8?
6
Let m = -47 - -66. What is the remainder when 54 is divided by m?
16
Let m(b) = -b + 4. Let t be m(3). Suppose -2*d + 5 + t = 0. Calculate the remainder when 10 is divided by d.
1
Let u = -16 - -33. Suppose 20*i = 17*i + 93. What is the remainder when i is divided by u?
14
Suppose a - 17 = j + 3*j, 2*j + 26 = 4*a. Suppose 0*v - v = s - 34, -a*s - 68 = -2*v. What is the remainder when v is divided by 12?
10
Suppose 0 = 2*u - 3*s - 28, -3*u - s + 24 = -29. Let j = 5 - -1. Calculate the remainder when u is divided by j.
5
Let n be (14/8 + 0)*-4. Suppose -r = -5 - 11. What is the remainder when 662/14 + 2/n is divided by r?
15
Suppose 4*d + 4 = 2*s, -2*d = -0*s + 3*s - 38. Let i be ((-12)/(-8))/3*6. Calculate the remainder when (i/(-2))/((-6)/72) is divided by s.
8
Let m = -25 + 38. Let s(k) = k**2 + k + 2. Let p be s(2). What is the remainder when m is divided by (10/p)/(3/12)?
3
Let h = 231 - 120. What is the remainder when h is divided by 14?
13
Let m = -11 - -15. Let u(h) = 2*h + 1. Let c(a) = 7*a + 2. What is the remainder when c(2) is divided by u(m)?
7
Suppose 0*x - 30 = -5*x. Calculate the remainder when 10 is divided by x.
4
Let h(y) = -4*y - 5. Let w be h(-6). Let z = 59 - w. Suppose 0 = -5*p - 0*p + 105. What is the remainder when z is divided by p?
19
Let l(x) = -2*x - 14. Calculate the remainder when 49 is divided by l(-14).
7
Suppose -2*h + 206 = -44. Calculate the remainder when h is divided by 32.
29
Suppose 4*x + y - 5 = 2, 0 = x - 2*y - 4. Let n(i) = -x - 7*i**2 - 2*i + 0*i + 8*i**2. Calculate the remainder when 22 is divided by n(4).
4
Let v(u) = -190*u**3 - u. Let t be v(-1). Suppose -21 = 5*i - t. Calculate the remainder when i is divided by 18.
16
Let t(s) = s**2 + 3*s - 11. Calculate the remainder when 33 is divided by t(-7).
16
Suppose 2*d - 2*v - 14 = 0, 4*v - 9 = v. Let j = -4 - -7. What is the remainder when d is divided by j?
1
Let k = 18 + -10. Let b = -53 + 92. Suppose 0 = 2*l - 5*o - b, 89 + 1 = 4*l + 2*o. What is the remainder when l is divided by k?
6
Let k(v) = 43*v**2 - 2*v - 1. Calculate the remainder when k(-1) is divided by 16.
12
Let b = 31 - 1. Let c = b - 19. Let u(h) = -h**2 + 21. Calculate the remainder when u(0) is divided by c.
10
Let l = 24 + -9. What is the remainder when l is divided by 9?
6
Suppose 0 = -3*n - 4 + 1. Let t be (0*(-1)/2)/n. What is the remainder when 61 is divided by t - -1 - 4 - -19?
13
Let z(n) = -4*n**2 + n**3 + 0 + 2 + 1 - n. Let w be z(3). Let b = w - -31. What is the remainder when b is divided by 12?
10
Suppose -13*b + 10*b = -57. What is the remainder when 37 is divided by b?
18
Suppose 2*z - 2*r + 60 = -4*r, 0 = 5*z - r + 150. Let i = -20 - z. What is the remainder when (-1 - 1) + 3*7 is divided by i?
9
Suppose 4*m = 21 + 231. What is the remainder when m is divided by 13?
11
Calculate the remainder when 6 is divided by (-16)/(-3 - -1) - 4.
2
Let u(x) = -x**3 - 8*x**2 + 7*x + 2. Suppose -18 = 2*z - 0*r - 2*r, -5*z = 3*r + 45. Calculate the remainder when u(z) is divided by 7.
6
Let n = 47 + -28. Calculate the remainder when 36 is divided by n.
17
Suppose 0 = -2*g - g + 4*s + 245, 80 = g - 3*s. Calculate the remainder when g is divided by (-6)/(-8) - 327/(-12).
27
Let b = 39 - 33. What is the remainder when 16 is divided by b?
4
Let z(w) = -w + 10. Suppose 31 - 7 = 3*s. Let k be z(s). Suppose 0*d + 48 = k*d. What is the remainder when d is divided by 13?
11
Let l(w) = -w**3 - 18*w**2 + 15*w - 44. Calculate the remainder when 63 is divided by l(-19).
31
Calculate the remainder when 33 is divided by (27/(-6) - -6)*26/3.
7
Let t = -14 - -18. Suppose -t*b + 3*b + 40 = 0. Calculate the remainder when b is divided by 21.
19
Suppose 0 = 2*z - z + 2*n - 11, 0 = -z - 5*n + 2. Suppose -2*m = -3*x + 90, 79 = -0*x + 2*x + 5*m. What is the remainder when x is divided by z?
15
Let k(m) = 3*m**2 - 3*m - 7. What is the remainder when k(5) is divided by 11?
9
Let c = 22 + -1. What is the remainder when 82 is divided by c?
19
Suppose 29 = 2*b - 135. Calculate the remainder when b is divided by 14.
12
What is the remainder when (-2)/(-6) - 996/(-9) is divided by 16?
15
Let k(s) = -s**3 - 3*s**2 + 3*s - 4. Let c be k(-4). Let h(z) = z**3 + z**2 + 2*z + 13. Calculate the remainder when 50 is divided by h(c).
11
Let w = 5 - 0. Let o = 12 - -33. Suppose u + 4 = 0, -o = -3*y - u - 7. What is the remainder when y is divided by w?
4
Let u(d) = -d**3 + 4*d**2 + 5*d - 4. Let c = 2 - -2. Suppose -5*z = -254 + 24. What is the remainder when z is divided by u(c)?
14
Suppose 3*l - 3*m = 156, 2*m = -5*l - m + 260. Calculate the remainder when l is divided by 14.
10
Suppose -5*i + 3*b + 60 = 14, 0 = 3*i - 2*b - 27. Suppose 21 = 4*u - 63. Calculate the remainder when u is divided by i.
10
Suppose m + 20 = 4*w + 3*m, -3*w + 28 = -5*m. Suppose 2*c + 64 = w*c. Suppose -3*j = -l - 0*l, 0 = -l - 4*j + 14. What is the remainder when c is divided by l?
4
Let w(u) = -8*u. Let j(o) = -7*o - 1. Let h(n) = -2*j(n) + 3*w(n). What is the remainder when 86 is divided by h(-2)?
20
Let z = -77 + 35. Suppose -k + h + 161 = -3*k, h - 85 = k. Let g = z - k. What is the remainder when g is divided by 14?
12
Calculate the remainder when (2/6)/((-34)/(-5610)) is divided by 14.
13
Let l be (-132)/(-11)*(2 - 1). Calculate the remainder when (-2)/l - 133/(-42) is divided by 2.
1
Let l = -68 + 81. Calculate the remainder when 64 is divided by l.
12
Let o(b) = 6*b**2 - b + 1. Suppose 2*l - 4 = -w, -13 + 5 = -l + w. Suppose -5*p = -15, l*p - 7 - 7 = -2*i. What is the remainder when 17 is divided by o(i)?
5
Suppose 2*g + g = -5*o - 1, -3*g - 3*o = -3. Suppose 0 = -2*w + 4*c - 11 - 39, -g*c - 71 = 2*w. Let m = w - -47. What is the remainder when m is divided by 6?
4
Suppose -m - 9*m = -450. What is the remainder when 222 is divided by m?
42
Suppose 0 = 